{"id":677,"date":"2023-11-02T10:33:57","date_gmt":"2023-11-02T09:33:57","guid":{"rendered":"https:\/\/bray-bocage-education.com\/?page_id=677"},"modified":"2025-02-12T09:00:57","modified_gmt":"2025-02-12T08:00:57","slug":"stages","status":"publish","type":"page","link":"https:\/\/bray-bocage-education.com\/index.php\/stages\/","title":{"rendered":"Les Stages"},"content":{"rendered":"\t\t<div data-elementor-type=\"wp-page\" data-elementor-id=\"677\" class=\"elementor elementor-677\">\n\t\t\t\t<div class=\"elementor-element elementor-element-f608a9f e-flex e-con-boxed e-con e-parent\" data-id=\"f608a9f\" data-element_type=\"container\" data-e-type=\"container\">\n\t\t\t\t\t<div class=\"e-con-inner\">\n\t\t<div class=\"elementor-element elementor-element-515a7b3 e-con-full e-flex e-con e-child\" data-id=\"515a7b3\" data-element_type=\"container\" data-e-type=\"container\">\n\t\t\t\t<div class=\"elementor-element elementor-element-88d7be9 elementor-widget elementor-widget-text-editor\" data-id=\"88d7be9\" data-element_type=\"widget\" data-e-type=\"widget\" data-widget_type=\"text-editor.default\">\n\t\t\t\t<div class=\"elementor-widget-container\">\n\t\t\t\t\t\t\t\t\t<p>Voici les dates de nos prochains stages :<\/p><ul><li>14\/15 f\u00e9vrier COMPLET<\/li><li>11\/12\/13 avril (1 place)<\/li><li>18\/19\/20 avril &#8211; stage \u00e0 la Reberti\u00e8re<\/li><li>du 7 au 11 juillet : Estivale sur le th\u00e8me de la gestion des \u00e9motions<\/li><li>du 29 au 31 ao\u00fbt : Estivale flair intense<\/li><\/ul>\t\t\t\t\t\t\t\t<\/div>\n\t\t\t\t<\/div>\n\t\t\t\t<div class=\"elementor-element elementor-element-012615f elementor-widget elementor-widget-text-editor\" data-id=\"012615f\" data-element_type=\"widget\" data-e-type=\"widget\" data-widget_type=\"text-editor.default\">\n\t\t\t\t<div class=\"elementor-widget-container\">\n\t\t\t\t\t\t\t\t\t<p>Vous souhaitez conna\u00eetre nos sessions de Mantrailing \u00e0 la journ\u00e9e ? <\/p>\t\t\t\t\t\t\t\t<\/div>\n\t\t\t\t<\/div>\n\t\t\t\t<div class=\"elementor-element elementor-element-44d4812 elementor-align-center elementor-widget elementor-widget-button\" data-id=\"44d4812\" data-element_type=\"widget\" data-e-type=\"widget\" data-widget_type=\"button.default\">\n\t\t\t\t<div class=\"elementor-widget-container\">\n\t\t\t\t\t\t\t\t\t<div class=\"elementor-button-wrapper\">\n\t\t\t\t\t<a class=\"elementor-button elementor-button-link elementor-size-sm\" href=\"https:\/\/www.facebook.com\/braybocage?locale=fr_FR\">\n\t\t\t\t\t\t<span class=\"elementor-button-content-wrapper\">\n\t\t\t\t\t\t\t\t\t<span class=\"elementor-button-text\">Cliquez ici pour retrouver notre actualit\u00e9<\/span>\n\t\t\t\t\t<\/span>\n\t\t\t\t\t<\/a>\n\t\t\t\t<\/div>\n\t\t\t\t\t\t\t\t<\/div>\n\t\t\t\t<\/div>\n\t\t\t\t<div class=\"elementor-element elementor-element-6cd3497 elementor-widget elementor-widget-spacer\" data-id=\"6cd3497\" data-element_type=\"widget\" data-e-type=\"widget\" data-widget_type=\"spacer.default\">\n\t\t\t\t<div class=\"elementor-widget-container\">\n\t\t\t\t\t\t\t<div class=\"elementor-spacer\">\n\t\t\t<div class=\"elementor-spacer-inner\"><\/div>\n\t\t<\/div>\n\t\t\t\t\t\t<\/div>\n\t\t\t\t<\/div>\n\t\t\t\t<div class=\"elementor-element elementor-element-6e2be57 elementor-widget elementor-widget-text-editor\" data-id=\"6e2be57\" data-element_type=\"widget\" data-e-type=\"widget\" data-widget_type=\"text-editor.default\">\n\t\t\t\t<div class=\"elementor-widget-container\">\n\t\t\t\t\t\t\t\t\t<p><b>L\u2019Estivale qu\u2019est-ce que c\u2019est\u00a0?<\/b><\/p><p>C\u2019est une semaine de vacances avec son chien o\u00f9 l\u2019on partage des activit\u00e9s\u00a0: diff\u00e9rents th\u00e8me flair, fun, zen, en profitant d\u2019une mise au vert, de la campagne, de baignades.<\/p><p>Possibilit\u00e9 d\u2019h\u00e9bergement sur place en chambre d\u2019h\u00f4tes ou en camping.<\/p><p>Un ma\u00eetre mot\u00a0: d\u00e9tente et convivialit\u00e9, partage, ouverture d\u2019esprit.<\/p><p>Formule zen\u00a0: matin\u00e9e d\u00e9couverte de diff\u00e9rentes activit\u00e9s et apr\u00e8s-midi repos tourisme\u00a0<\/p><p>Formule stage intensif\u00a0: mantrailing et d\u00e9tection.<\/p><p><strong>Pour un avant go\u00fbt\u00a0:<\/strong><\/p>\t\t\t\t\t\t\t\t<\/div>\n\t\t\t\t<\/div>\n\t\t\t\t<\/div>\n\t\t\t\t\t<\/div>\n\t\t\t\t<\/div>\n\t\t<div class=\"elementor-element elementor-element-4c4893c e-flex e-con-boxed e-con e-parent\" data-id=\"4c4893c\" data-element_type=\"container\" data-e-type=\"container\">\n\t\t\t\t\t<div class=\"e-con-inner\">\n\t\t\t\t<div class=\"elementor-element elementor-element-de4c41e elementor-widget elementor-widget-video\" data-id=\"de4c41e\" data-element_type=\"widget\" data-e-type=\"widget\" data-settings=\"{&quot;youtube_url&quot;:&quot;https:\\\/\\\/www.youtube.com\\\/watch?v=i6-L6RLcI8o&quot;,&quot;video_type&quot;:&quot;youtube&quot;,&quot;controls&quot;:&quot;yes&quot;}\" data-widget_type=\"video.default\">\n\t\t\t\t<div class=\"elementor-widget-container\">\n\t\t\t\t\t\t\t<div class=\"elementor-wrapper elementor-open-inline\">\n\t\t\t<div class=\"elementor-video\"><\/div>\t\t<\/div>\n\t\t\t\t\t\t<\/div>\n\t\t\t\t<\/div>\n\t\t\t\t\t<\/div>\n\t\t\t\t<\/div>\n\t\t\t\t<\/div>\n\t\t","protected":false},"excerpt":{"rendered":"<p>Voici les dates de nos prochains stages : 14\/15 f\u00e9vrier COMPLET 11\/12\/13 avril (1 place) 18\/19\/20 avril &#8211; stage \u00e0 la Reberti\u00e8re du 7 au 11 juillet : Estivale sur le th\u00e8me de la gestion des \u00e9motions du 29 au 31 ao\u00fbt : Estivale flair intense Vous souhaitez conna\u00eetre nos sessions de Mantrailing \u00e0 la &#8230; <\/p>\n<p class=\"read-more-container\"><a title=\"Les Stages\" class=\"read-more button\" href=\"https:\/\/bray-bocage-education.com\/index.php\/stages\/#more-677\" aria-label=\"Plus sur Les Stages\">Read More<\/a><\/p>\n","protected":false},"author":1,"featured_media":0,"parent":0,"menu_order":0,"comment_status":"closed","ping_status":"closed","template":"","meta":{"two_page_speed":[],"footnotes":""},"class_list":["post-677","page","type-page","status-publish"],"aioseo_notices":[],"_links":{"self":[{"href":"https:\/\/bray-bocage-education.com\/index.php\/wp-json\/wp\/v2\/pages\/677","targetHints":{"allow":["GET"]}}],"collection":[{"href":"https:\/\/bray-bocage-education.com\/index.php\/wp-json\/wp\/v2\/pages"}],"about":[{"href":"https:\/\/bray-bocage-education.com\/index.php\/wp-json\/wp\/v2\/types\/page"}],"author":[{"embeddable":true,"href":"https:\/\/bray-bocage-education.com\/index.php\/wp-json\/wp\/v2\/users\/1"}],"replies":[{"embeddable":true,"href":"https:\/\/bray-bocage-education.com\/index.php\/wp-json\/wp\/v2\/comments?post=677"}],"version-history":[{"count":8,"href":"https:\/\/bray-bocage-education.com\/index.php\/wp-json\/wp\/v2\/pages\/677\/revisions"}],"predecessor-version":[{"id":768,"href":"https:\/\/bray-bocage-education.com\/index.php\/wp-json\/wp\/v2\/pages\/677\/revisions\/768"}],"wp:attachment":[{"href":"https:\/\/bray-bocage-education.com\/index.php\/wp-json\/wp\/v2\/media?parent=677"}],"curies":[{"name":"wp","href":"https:\/\/api.w.org\/{rel}","templated":true}]}}